t t = -21 - v. What are the prime factors of t?
2, 3
Suppose q - 67 = -1. Suppose 7*m - q = 4*m. What are the prime factors of m?
2, 11
Let k = 3 - -79. Suppose 5*j - k = -4*z, -z + 2*j = -2*z + 22. Suppose 0*l - z = -3*l. List the prime factors of l.
2, 3
Let w(x) = x + 10. Let i be w(-6). Suppose -16 = -i*g + 8. What are the prime factors of g?
2, 3
Let r(n) = -n**3 + 9*n**2 - 12*n - 8. List the prime factors of r(7).
2, 3
List the prime factors of 2/2 + 13 + -1.
13
Let u(n) = -16*n - 25. What are the prime factors of u(-19)?
3, 31
Suppose -4*j + 16 = -5*b, 5*b + 2 + 16 = 2*j. Let q be (2 - (j + 3))/2. Suppose q*h = -h + 7. List the prime factors of h.
7
Let o = 8 + -6. Suppose 4*r - 18 = o*r. List the prime factors of r.
3
Suppose -5*h - 4*j = -39 - 4, -4*h + 41 = j. List the prime factors of h.
11
Suppose -2*i - 9 = -1. Let j(w) = 2*w**2 + 5*w - 4. List the prime factors of j(i).
2
Suppose 5*b - 3*h - 6 = 3, 2*b = -4*h - 12. Let j(d) = -d + 14. List the prime factors of j(b).
2, 7
Let u(f) = 2*f + 12. Suppose -a = -0*a + 5. List the prime factors of u(a).
2
Let m(o) = -o**3 - 6*o**2 - 18*o + 12. What are the prime factors of m(-9)?
3, 139
Let l = 0 + 0. Suppose -3*i = -3*j - 6, l = 2*i - j - 2 - 5. What are the prime factors of i?
5
Suppose 0 = 5*m - 10, -d = d - 3*m + 18. What are the prime factors of ((-27)/d)/(4/16)?
2, 3
Let v = -1 - -1. Suppose 34 = 3*n - 29. Suppose v = -o + 4*x + 17, x = 3*o - x - n. List the prime factors of o.
5
Suppose 0 = 6*q - 3*q - 126. List the prime factors of q.
2, 3, 7
Let l(y) = -y**3 - 2*y**2 - y. Let a be l(-2). Suppose -3*m + 8 = -a*v, -m = 3*m - 3*v - 10. What are the prime factors of m?
2
Let a(h) = 107*h + 13. What are the prime factors of a(1)?
2, 3, 5
Let l be (1 + 3 + -3)*0. Suppose r - 41 = -l*r. Let g = r - 24. List the prime factors of g.
17
Let g(y) = -y + 12. Let z be g(8). Suppose z*o - 34 = 14. List the prime factors of o.
2, 3
What are the prime factors of (-1 - -1 - 1)/((-2)/404)?
2, 101
Suppose p + 6 = 5*u, 3*u + 2*p - 2 = 3*p. Let d(w) = w - 2 - u*w**2 + 6 + w**2. List the prime factors of d(0).
2
Suppose -3*c = -3*g + 573, -4*g - 4*c + 528 = -252. What are the prime factors of g?
193
Let l(v) = -3*v + 3. List the prime factors of l(-3).
2, 3
Let m be ((-13)/(-2))/(1/(-2)). Let z = m + 19. Suppose -2*n = -4 - z. List the prime factors of n.
5
Let g be ((2*31)/(-2))/(-1). Let r = -37 - -18. Let a = g + r. List the prime factors of a.
2, 3
Let g = -109 + 175. Let x = -37 + g. What are the prime factors of x?
29
Suppose 3*c - 3*q - 185 = 220, 3*c - 423 = -3*q. What are the prime factors of c?
2, 3, 23
Let u(r) = -r**2 - 5*r + 3. Let z be u(-6). Let c be 208/12 + (-2)/z. Suppose 0 = 3*m - 6*m + c. List the prime factors of m.
2, 3
Let g be (9/6 + -1)*22. Let j = -7 + g. Suppose 0 = j*h - 2 - 10. What are the prime factors of h?
3
Suppose -2*c = 5*z - 285, -3*z - c + 2*c + 160 = 0. List the prime factors of z.
5, 11
Suppose -3*o - 6*d + 333 = -3*d, -o = 4*d - 117. What are the prime factors of o?
109
Suppose 3*k + k + 24 = 0. Let b be 3/(-2)*8/k. Suppose -5*j + 30 = -4*v + 8*v, b*j = -3*v + 12. List the prime factors of j.
2, 3
Let x(j) = -8*j. Let y be x(-2). Suppose y + 0 = t. List the prime factors of t.
2
Let c = 11 - 11. Suppose c = -2*l - 2*l + 8. List the prime factors of l.
2
Suppose -5*j = 3*n - 40, 5*j + 37 = 2*n - 23. List the prime factors of n.
2, 5
Let c = -20 - 3. Let x = 34 + c. What are the prime factors of x?
11
Let d be 9/2 + 6/12. Suppose -d*t - 7 + 82 = 0. List the prime factors of t.
3, 5
Suppose 0 = s - 22 + 4. Let h = s - 8. List the prime factors of h.
2, 5
Let k = -34 - -97. List the prime factors of k.
3, 7
Let q = -19 - -16. Let k(v) = 4*v**2 - 5*v - 1. What are the prime factors of k(q)?
2, 5
Suppose 146 = 2*p + i, 4*p = p + 3*i + 237. What are the prime factors of p?
3, 5
Suppose 4*r + 2 = y + 11, 2*y - 3*r = -3. Suppose 0 = y*h - 33 - 6. List the prime factors of h.
13
Let d = 3 + 0. Let r = d + -4. List the prime factors of (-21)/r + (-7)/7.
2, 5
Let a = 2 - 3. List the prime factors of 2/a*99/(-11).
2, 3
Let f be (-6)/(-5) + 1/(-5). Suppose -85 = -5*s - 5*a, 0 = a + f - 4. What are the prime factors of s?
2, 7
Suppose 0 = 5*t - 0*t + 3*f - 91, -4*t + 3*f + 89 = 0. List the prime factors of t.
2, 5
Let r(d) = 2*d**2 + 6*d - 5. List the prime factors of r(4).
3, 17
Let l(w) = -2*w + 1. Let q be l(-1). Let d = q - -3. Let h = d + -2. What are the prime factors of h?
2
Suppose 5*g - 5 = 25. Suppose -u - i = -20, u - 8 = i + g. What are the prime factors of u/2*(-4)/(-2)?
17
Let l(w) = -4*w + 10. What are the prime factors of l(-11)?
2, 3
Suppose 0 = -4*o + 10 + 6. Suppose 2*u - 66 = -2*u - 3*i, o*i - 23 = -u. What are the prime factors of u?
3, 5
Let v be (-2)/3 - (-172)/6. Suppose 0 = -w - 2*w - 42. Let t = w + v. What are the prime factors of t?
2, 7
Suppose 1 = -5*x - 34. Let l = x + 4. Let z = l - -7. List the prime factors of z.
2
Let z(i) = -3*i. Let k be z(-4). Suppose 48 = 5*r + o, 12 + k = 3*r - o. Suppose x - r - 4 = 0. What are the prime factors of x?
13
Let j be (10/(-4))/(5/(-4)). Let o = 7 + -3. Suppose 0*w - 2*w = 4*u + j, o*u = w - 29. List the prime factors of w.
3
Suppose -i + 5*u = i - 133, -u = -i + 59. Suppose -i = 5*s - 7*s. What are the prime factors of s?
3
Suppose 6*a - 999 = 1383. List the prime factors of a.
397
List the prime factors of (24 - -15)*(1 + (-4)/(-6)).
5, 13
Suppose -5*r + 2176 - 286 = 0. List the prime factors of r.
2, 3, 7
Let l = 87 + 68. What are the prime factors of l?
5, 31
Let s = -169 - -326. List the prime factors of s.
157
Let c = 3 + -1. Suppose -3*x - 2*x = c*l - 50, 4*l - 120 = -5*x. Suppose -t + l = 4*t. List the prime factors of t.
7
Suppose j = -j - 8. List the prime factors of 43 + (-7)/((-14)/j).
41
Let o(g) = g**3 + 4*g**2 - 5*g - 1. Let i be o(-5). Let c be i*((-9)/3 + 2). What are the prime factors of c + -1 - (-50)/5?
2, 5
Suppose p - 2 = -5*h + 60, -h = 3*p - 172. List the prime factors of p.
3, 19
Let g(t) = 7*t + 138. What are the prime factors of g(0)?
2, 3, 23
Suppose 0 = 2*i - 4*m - 12, 4*i - 8 = -0*i + 4*m. Let n be i - (-1 - 19) - -2. Suppose r = 4*q + 12 + 7, -5*r - 5*q + n = 0. What are the prime factors of r?
7
Suppose 3*k - 5*k = -4. What are the prime factors of (-7 - -6)/(k/(-26))?
13
Let z be (7*-1*-1)/(-1). Let u(g) = -4*g**2 - 28*g - 25. Let o(d) = -d**2 - 7*d - 6. Let q(x) = -9*o(x) + 2*u(x). List the prime factors of q(z).
2
Suppose g = -4*g. Suppose 3*l - 22 + 7 = g. What are the prime factors of l?
5
Let a be -1 + -15 - (3 + -1). Let r = 25 + a. List the prime factors of r.
7
Let z be (-4)/(3 + -3 + -2). List the prime factors of (-243)/(-9) - 1*z.
5
Let p(d) = -d + d**3 - 3*d**2 + 7*d + 4 + 10*d**2. List the prime factors of p(-6).
2
Let v(l) = l**2 - 2*l - 3. Let m be v(7). List the prime factors of (m/5)/((-2)/(-10)).
2
Suppose -4*i + 3 = 43. Let r = 21 + i. List the prime factors of r.
11
Suppose 3*n = 6*n - 165. What are the prime factors of n?
5, 11
Let a = 5 + -1. Let u(n) = a*n + n**3 + 2*n**3 - 1 - 3*n - n**3. List the prime factors of u(2).
17
Let t(g) be the second derivative of -2*g + 0*g**2 + 1/3*g**3 + 0. What are the prime factors of t(2)?
2
Let h(x) = 5*x + 2. Let w be h(2). Let b = 44 - w. What are the prime factors of b?
2
Suppose 3*k + 18 = -m, 0*m + 4*m = -5*k - 30. Let n = 11 + k. What are the prime factors of n?
5
Let n = 14 - -7. Let r be 6/n - (-57)/21. Suppose -r*y + 4*z = -34, -y - 4*z + 11 = 5. List the prime factors of y.
2, 5
Suppose 0 = 3*v - 5*b - 16 + 5, 3*v = b + 7. Let m be v - ((2 - 7) + -2). Let h(r) = -r**2 + 10*r. What are the prime factors of h(m)?
3
Suppose -2 = 5*j + 53. Let d = j - -16. List the prime factors of d.
5
Let t(h) = -h**3 - 3*h**2 + 6*h + 4. Suppose 9 + 1 = -2*m. What are the prime factors of t(m)?
2, 3
Let g(l) = l**3 - l**2 - 2*l + 5. Let m be g(3). Suppose -2*o + 3*o - m = 0. List the prime factors of o.
17
Let g(y) = -y + 1. Let x(o) = -o**2 + 5*o + 12. Let k(d) = -2*g(d) + x(d). List the prime factors of k(8).
2
Let m(h) = h**3 + 5*h**2 - 8*h - 2. Let f be m(-6). Suppose 2*u = f - 0. What are the prime factors of u?
5
Suppose -2*r + 14 = -5*u + u, -r = 5*u. Suppose 116 = 4*t - r*p, -3*p - 7 - 101 = -4*t. What are the 